. Let z(g) = 14*g**n - 6*g**2 - 5*g**2 + 2*g**2. Determine z(-1).
5
Let o(h) = 8*h**2 - h - 1. Let t be o(-1). Suppose -5*z = -6*z + t. Let c be (z/(-16))/(2/4). Let v(x) = 2*x - 1. What is v(c)?
-3
Let p(x) = -x + 7. Let s = 109 + -101. Calculate p(s).
-1
Let w(v) = -4*v**2 - 55 + 6*v**2 - 47 + 100 + 3*v**2 + v**3. What is w(-4)?
14
Let f = -1600 + 1608. Let h(s) = s**3 - 7*s**2 - 11*s + 20. Determine h(f).
-4
Let o(r) be the third derivative of -5*r**4/12 - r**3 - 70*r**2 + 2*r. What is o(4)?
-46
Let f(i) = i**2 + 4*i - 9. Let m be f(-8). Suppose 2*b - 3*r - m = 0, -5*r - 50 = -4*b - b. Let n(w) = -7*w + 7*w**2 - 6*w**2 + w**3 + 6 - 7*w**2. Give n(b).
6
Let j(w) = -4*w - 10. Suppose 44*k - 32 = 52*k. Give j(k).
6
Let i = -10970 - -10971. Let h(x) be the third derivative of -x**4/8 + x**3/6 - x**2. Calculate h(i).
-2
Suppose 0 = s + 3, 0 = -3*f - 3*s + 1 + 2. Let y be (0 + 1)*(-18)/(-18). Let w(u) = f*u - u - y + u - 6*u. Give w(-1).
1
Suppose 12*l = 10*l + 26. Let k = l - 9. Let c(d) = d - d**3 + 4*d + k + d - 6*d**2. Give c(-7).
11
Let y(u) = -110*u**2 - 15 + 5 + u + 224*u**2 + 6*u - 115*u**2. Give y(7).
-10
Let l(k) = -5*k + 1. Suppose -12 = -x - 8. Suppose 2 = 4*q - 4*b - 2, 2*q = -x*b + 2. Give l(q).
-4
Let l(p) be the second derivative of 5*p**4/12 - 5*p**3/3 - 3*p**2 + 7*p. Let k(o) = -o**2. Let x(d) = 4*k(d) + l(d). Determine x(10).
-6
Let q = -264 + 270. Let d(b) = b**2 - 4*b - 1. Give d(q).
11
Let s(j) = j**2 + 11*j + 18. Suppose -2*z - 1 = u + 10, 4*z - 3*u + 47 = 0. What is s(z)?
-6
Let r(w) = -w**2 - 8. Let l(h) = h**2 - 6*h - 5. Let y be l(7). Suppose 11 = -y*a + 1. Let i be 0*(a/(-2) - 2). Determine r(i).
-8
Let n(v) = -2*v + 15. Let o = 19 - 8. Let k be n(o). Let c = k - -6. Let q(l) = 3*l - 1. What is q(c)?
-4
Let h(p) = p**3 - 3*p**2 + p + 1. Let w be ((-6)/2 + 3)/4. Suppose -7*c - 8 + 22 = w. Calculate h(c).
-1
Let g(b) = 26*b**2 - 11*b**2 - 16*b**2 - b + 8. Let i = 38 - 38. Give g(i).
8
Let l be -5 + 10 + 0 + -2. Let t(s) = -s**3 + 3*s**3 - 3*s - 7 - 4*s**2 - 2*s**l + s**3. Let v(x) = -2*x - 7. Let p be v(-6). Determine t(p).
3
Let g(a) = -4*a**2 + a + 4. Suppose 43*c = 64 + 65. Give g(c).
-29
Let c(a) be the second derivative of -7*a**6/360 + a**5/120 - a**4/24 + 31*a**3/6 + 34*a. Let t(j) be the second derivative of c(j). Determine t(1).
-7
Let u be (-3)/(-12) + (-318)/24. Let t(h) = -h**3 - 12*h**2 + 13*h - 7. Calculate t(u).
-7
Suppose -2*a + 10 = 3*r + 32, a = 3*r - 11. Let v(j) = j**2 + 10*j - 11. Calculate v(a).
0
Let l be (161/(-14) - -7)*-2. Let z(n) = 3*n - 22. What is z(l)?
5
Let a(w) be the third derivative of 0 - w**2 + 4/3*w**3 + 1/24*w**4 + 0*w. Let n(g) = -g**3 - 16*g**2 + 261*g + 20. Let i be n(-26). Give a(i).
2
Let d(n) be the first derivative of n**5/40 + 53*n**3/3 - 29. Let c(m) be the third derivative of d(m). Calculate c(-3).
-9
Let l(c) = 3*c**2 - 8*c - 3. Let t(a) = -6*a**2 + 10*a + 3. Let u(y) = -4*l(y) - 3*t(y). Determine u(-2).
23
Let a(x) = -16*x - 21. Let i = 3 + 0. Suppose -4*d = i*y + 59, 39 = -4*d + 4*y - 3*y. Let j(l) = 3*l + 4. Let r(q) = d*j(q) - 2*a(q). What is r(-3)?
1
Let u be (-1)/((2/(-4))/(22/44)). Let j(v) = 8*v**3 + v. Calculate j(u).
9
Suppose 0 = -g + 6*g + 5*s - 35, 0 = 5*s - 10. Suppose g*u + 4 = 3*u. Let k be (1 - -1) + u + 4. Let a(l) = 3*l - 6. What is a(k)?
6
Let z(m) = -m**2 + 10*m + 2. Let r be z(8). Let i = r - 19. Let f(c) = 2*c - 1. Give f(i).
-3
Suppose -4*z = 4*d + 12 - 0, 7 = -d - 5*z. Let c(b) = -5*b - 4. Give c(d).
6
Let p(d) = d - 2. Let y be (-22)/(-88) + 38/8. Suppose 4*f + 9 + 7 = -4*x, 28 = -y*f + 3*x. Determine p(f).
-7
Let w(u) be the third derivative of u**5/60 - 5*u**4/24 + u**3/3 + u**2. Let x(y) = y**3 - 12*y**2 - y + 15. Let a = 65 - 53. Let q be x(a). Give w(q).
-4
Suppose 0*c = -2*c. Let t(y) = 11*y + 69. Let q(n) = 7*n + 43. Let f(p) = 8*q(p) - 5*t(p). Calculate f(c).
-1
Let x(d) = d**2 + 2*d - 3. Let g(b) = -b**3 - 8*b**2 + 10*b + 12. Let j = -11 - -17. Let n be (-48)/4*j/8. Let k be g(n). Calculate x(k).
12
Suppose 5*i + 3 = -17, 0 = -o - 2*i + 7. Let g = o - 15. Let v = 1 + g. Let x(t) = -11*t**2 + 2*t - 1. Give x(v).
-10
Let a = -2 - 7. Let h = a - -21. Let d(y) = h + 6*y**2 + 4*y**2 - 9*y**2. Determine d(0).
12
Suppose 0*g + 5*x = -2*g - 11, 4*g + 3*x = -1. Let t(q) be the third derivative of -q**4/8 + q**3/2 + q**2. What is t(g)?
-3
Let y(x) = -16*x - 97. Let l be y(-6). Let g(j) = -21*j + 1. What is g(l)?
22
Let f(m) = m**3 - 4*m**2 + 2*m - 1. Let z(p) = -30*p**3 - 2*p**2 - 2*p - 1. Let u be z(-1). Let t = u + -27. Determine f(t).
-5
Let g = 33 + -25. Let d(l) = -1 - 16*l - g*l + 9*l. Give d(-1).
14
Let d = 4 - 1. Let t(w) = -6*w**2 + 4*w - 18. Let c(v) = -v**2 - 4. Let a(u) = 4*c(u) - t(u). Calculate a(d).
8
Let w(h) be the first derivative of -h**5/120 - h**4/3 - 10*h**3/3 + 2. Let m(r) be the third derivative of w(r). What is m(-7)?
-1
Suppose -b = -5, -5*q - 5*b + 8 = -32. Let l(f) = f - f**3 + 0*f - 4 + 3*f**2 + 1. Determine l(q).
0
Let f be (-1)/((-6)/(-9)*15/(-110)). Let b(z) = -8*z**2 - 712*z**3 - 2*z + f*z + 713*z**3. Give b(7).
14
Let d(m) = -1 + 7*m + 0*m - m**3 + 6*m**2 + 6. Let h = 30 + -25. Suppose h*p + 52 = 87. Calculate d(p).
5
Let o(j) be the third derivative of j**9/30240 + j**8/6720 - j**6/720 + j**5/10 - 2*j**2. Let w(v) be the third derivative of o(v). Determine w(-2).
-5
Let x(u) = -90 - u + 0*u - 87 + 178. Let n(g) = -2*g**2 - 2*g + 2. Let y be n(-2). Determine x(y).
3
Let v(d) = -15*d + 1 + 8*d**2 - 11*d**2 - 37*d**2 + 17*d. Determine v(-1).
-41
Let d(c) = -6*c**2 - 3*c + 6. Let i be d(-4). Let w = 71 + i. Let o(q) = q**3 + 7*q**2 + 2*q + 7. Determine o(w).
-7
Let u(l) = 3*l - 16. Suppose -z = -4*q + 52, -q - 4*z + 1 - 5 = 0. What is u(q)?
20
Let g(r) = -6 - 26 + r + 0*r - 9*r - 14. Give g(-6).
2
Suppose -9*h + 20 = -4*h. Let k = 3 + h. Let i(t) = t**3 + 1 + t - 7 - k*t**2 + 7*t. Determine i(6).
6
Suppose t + 18 = 5*u, -13*u - 36 = 2*t - 12*u. Let l(z) = -z**2 - 19*z - 14. What is l(t)?
4
Suppose -2211*o + 2204*o + 42 = 0. Let h(r) = -r + 8. Let x(y) = 3*y - 23. Let w(u) = -8*h(u) - 3*x(u). Calculate w(o).
-1
Suppose 5*k - z = 4*k + 6, -4*k + 33 = 5*z. Let q(l) = 2*l**3 - l**2 - k + 6*l**3 + 8. Let t(r) = -r**2 - 3*r - 1. Let w be t(-3). Determine q(w).
-8
Let i(w) = 16*w**2 - 65*w - 3. Let m(r) = -9*r**2 + 32*r + 3. Let h(q) = -6*i(q) - 11*m(q). Determine h(-13).
-2
Let c(v) be the third derivative of 1/6*v**3 + 0 + 34*v**2 + 1/30*v**6 + 1/8*v**4 + 0*v + 1/15*v**5. Determine c(-2).
-21
Let u(n) = -16*n - 13. Let y(v) = 7*v + 7. Let b(r) = -4*u(r) - 9*y(r). Calculate b(9).
-2
Let o(y) = -288*y - 4 + 4*y**2 - 3*y**2 + 298*y. Determine o(-10).
-4
Let f(z) = 11*z**3 - 11*z**2 + 5*z - 23. Let j(m) = 5*m**3 - 5*m**2 + 2*m - 10. Let v(g) = 4*f(g) - 9*j(g). Give v(0).
-2
Let j(r) = r**3 - 3*r**2 - 5*r + 5. Let c = 3 + -7. Suppose -4*n = 25 + 7. Let f = c - n. Calculate j(f).
1
Let i(d) = -d + 1. Suppose -22*g = -18*g + 36. Determine i(g).
10
Let q(h) = h - 1. Let f be q(2). Suppose 4*y = 7 + f. Let s(d) = 0*d**3 + 2 - d**3 - 1 + 3*d**y + 1 - d. Give s(3).
-1
Let o(l) be the third derivative of -l**6/12 - l**5/30 + l**4/24 + 370*l**2. Calculate o(1).
-11
Let q(b) be the first derivative of b - 1/2*b**2 + 5. What is q(4)?
-3
Let p(w) = 2*w. Let d(x) = -2*x - 8. Let v(h) = h + 1. Let s(c) = d(c) + 3*v(c). Let y be s(8). What is p(y)?
6
Let w(q) = -11*q**3 + 11*q**2 - 11*q + 4 + 16 + 10*q**3 - 5 - q**2. Determine w(9).
-3
Let x(c) = c**3 + 2*c**2 - 2*c. Let k(v) = 3*v + 4. Let r be k(-2). Let f be x(r). Let l(h) = 2*h**2 - h - 4*h**2 - 3*h + 3*h**2 - 3. Calculate l(f).
-3
Suppose 2*m = -m + 2*v + 6, -2*v - 10 = -4*m. Suppose -m*k + 8 = -w - 10, -2*w - 4*k + 12 = 0. Let x(t) = -2*t**3 - t**2 + 2*t. Give x(w).
8
Let q(j) be the second derivative of j**7/840 - 7*j**6/360 + 3*j**5/40 - j**4/4 - 20*j**3/3 - 11*j. Let b(u) be the second derivative of q(u). Calculate b(6).
12
Let c(m) = 2*m - 6. Suppose 5*u + 40 = 7*u - 4*l, -5*u + 2*l = -84. Let x = u - 6. Let i be x*-3*1/(-5). What is c(i)?
6
Let m(j) = -15*j**2 - 4*j + 8*j**2 + 10*j**2 + j**3 - 2. Suppose 14 = -3*p - 0*y + 2*y, -30 = 4*p + 3*y. Let l = p - -2. Determine m(l).
-2
Let h(y) = -y**3 + 5*y**2 - 3. Let q be h(5). Let w(o) = -3*o + 2*o**2 - 81*o**3 + 80*o**3 - 5*o**